what is 46 - 3aab8?
-3aa72
In base 9, what is -16 - 75637682?
-75637708
In base 2, what is 0 + 1110000110111011101?
1110000110111011101
In base 3, what is 110101020011 + -1022212?
110022220022
In base 14, what is c9 - -678aa6?
678b91
In base 7, what is -163 + 453035?
452542
In base 9, what is 2222426 - -150?
2222576
In base 14, what is 3 - -7d400a?
7d400d
In base 13, what is 283 - 17660?
-173aa
In base 13, what is -9b4 + -81c?
-1503
In base 16, what is 29 + -3a2a0e?
-3a29e5
In base 8, what is -24623420 - -2?
-24623416
In base 3, what is 1001 + -20012222221202?
-20012222220201
In base 8, what is 5352326 + -4?
5352322
In base 2, what is -10000 + -1100001011010000001010?
-1100001011010000011010
In base 14, what is 63 - 183b56?
-183ad3
In base 11, what is -10a6705 + -1a8?
-10a6902
In base 5, what is 212022443 - -3?
212023001
In base 5, what is 3 + 112202?
112210
In base 3, what is -11 + -2001012002102112?
-2001012002102200
In base 5, what is -2104321 + -1103?
-2110424
In base 4, what is 3 + -30201202320?
-30201202311
In base 16, what is 1b3e687 + 3?
1b3e68a
In base 16, what is -163dd6 - -b4?
-163d22
In base 10, what is 8180 - 2283?
5897
In base 4, what is 112023232023 + 32?
112023232121
In base 2, what is 11101 + -100100010010000101?
-100100010001101000
In base 10, what is 343 + 1148625?
1148968
In base 16, what is -5 - f3d922?
-f3d927
In base 9, what is 2552 - 22?
2530
In base 2, what is 0 - -11101001111000001010100100?
11101001111000001010100100
In base 4, what is 10302 + 3013031221?
3013102123
In base 15, what is 331e8b3 - a?
331e8a8
In base 2, what is 101 + -111101100000100101110?
-111101100000100101001
In base 8, what is -67 + -1070576?
-1070665
In base 7, what is 536501 + 1110?
540611
In base 2, what is -10110 + 1110100100010010001?
1110100100001111011
In base 4, what is -113321 - 203323010?
-210102331
In base 7, what is -152 - -250023?
246541
In base 2, what is 111011101111000111011 - -1001?
111011101111001000100
In base 12, what is -58705 + -b9?
-58802
In base 16, what is -12604 + -37f8?
-15dfc
In base 2, what is 101 + 10110110101111101111001?
10110110101111101111110
In base 2, what is 101100 + 100011100010000001110?
100011100010000111010
In base 7, what is 5154421 - -632?
5155353
In base 8, what is -4 - -477111302?
477111276
In base 14, what is -1b0c35 - 21?
-1b0c56
In base 12, what is -1410316 - -23?
-14102b3
In base 2, what is -10010111 - 10001010000111001?
-10001010011010000
In base 12, what is -9b559 + -9bb?
-a0358
In base 4, what is -1021332313323 - 1030?
-1021332321013
In base 9, what is -20572 - 55?
-20637
In base 13, what is 5 + -4594bc?
-4594b7
In base 15, what is 201a - d331?
-b316
In base 4, what is -3231312 - -10312?
-3221000
In base 7, what is 151 + -532440?
-532256
In base 13, what is -4563 - 193a?
-61a0
In base 9, what is -600 - -341762?
341162
In base 10, what is 15 + -22890?
-22875
In base 7, what is 401 + -6534252?
-6533551
In base 3, what is -1210202222012210120 + 10?
-1210202222012210110
In base 6, what is -4005225321 - 3?
-4005225324
In base 6, what is -1114411022 - -2?
-1114411020
In base 6, what is 3403432 + -50?
3403342
In base 11, what is -93049 - -71?
-92a88
In base 4, what is 11023011 + -200?
11022211
In base 16, what is -203 + -31a2?
-33a5
In base 7, what is -665405216 - 0?
-665405216
In base 15, what is 37 + -3e989?
-3e952
In base 16, what is 1 + ab4851?
ab4852
In base 11, what is -2698 + -13472?
-1605a
In base 10, what is 5 + 33941161?
33941166
In base 8, what is 160405 + -3524?
154661
In base 16, what is 2 + -13b8f5?
-13b8f3
In base 12, what is 373 + -42b9?
-3b46
In base 16, what is -2b + -1e520f?
-1e523a
In base 2, what is -11011111001001 + -10000001?
-11100001001010
In base 9, what is 2585861 - -4?
2585865
In base 12, what is 3 + ab01949?
ab01950
In base 13, what is 47 - 2b485a1?
-2b48557
In base 14, what is -2c0 - -35c7d?
3599d
In base 5, what is -1011233330 - 2?
-1011233332
In base 13, what is 9 - -2c200c37?
2c200c43
In base 15, what is 12 + -9d9b5c?
-9d9b4a
In base 9, what is 246 - 60711?
-60454
In base 14, what is 619 - -3d635?
3dc50
In base 13, what is 24 - b23531?
-b2350a
In base 9, what is -10480248 + -11?
-10480260
In base 4, what is 20023 + -302330020?
-302303331
In base 15, what is -1a904 - -5b?
-1a898
In base 9, what is -2782487 + 0?
-2782487
In base 16, what is -3 + -b7556fe?
-b755701
In base 2, what is -1110100001 - -1000100111001000?
1000011000100111
In base 9, what is -5753444 - -53?
-5753381
In base 4, what is 10 - -11002020013?
11002020023
In base 2, what is -10000101011111111000110101101 - 101?
-10000101011111111000110110010
In base 11, what is 252 - 4a79a4?
-4a7752
In base 12, what is -3 - -b65b145?
b65b142
In base 11, what is -638 - 2824?
-3361
In base 6, what is 204442 + 334?
205220
In base 4, what is 102023 - -13221131?
13323220
In base 4, what is -103232000013 - 112?
-103232000131
In base 14, what is 1b9b - 98b?
1210
In base 16, what is 7071f + 28?
70747
In base 4, what is -10 - -21120233?
21120223
In base 5, what is 1211422241 - 3?
1211422233
In base 12, what is 1 - -78b71b?
78b720
In base 3, what is -2001010 + 2121011100?
2112010020
In base 13, what is -11 - -7ca177?
7ca166
In base 3, what is -10120211 - 1102201000?
-1120021211
In base 15, what is 1e8d93 - -37d?
1e9221
In base 10, what is -4 + 3134226?
3134222
In base 2, what is 10100101101001001 + 11101010?
10100110000110011
In base 2, what is 110100111010000101 - -10001011100?
110101001011100001
In base 2, what is -1000100011011010011 + -10111011010?
-1000100110010101101
In base 3, what is -11 + -2000212101000?
-2000212101011
In base 6, what is -1000123404 + -2?
-1000123410
In base 13, what is -9 + 9080516?
908050a
In base 12, what is -2165901 - -2a?
-2165893
In base 3, what is 1 - 2222010201122?
-2222010201121
In base 14, what is 15a4d + -6?
15a47
In base 12, what is 12427a7 + a?
12427b5
In base 6, what is 41 - -5025204?
5025245
In base 6, what is -12410 - 21152503?
-21205313
In base 4, what is -10030 - 1021333?
-1032023
In base 14, what is 3d123c + 1d5?
3d1433
In base 8, what is -244375113 - -2?
-244375111
In base 15, what is 1c8b615 - 13?
1c8b602
In base 5, what is -31142 + 2332?
-23310
In base 7, what is 24004001 + 10?
24004011
In base 16, what is 8db - -bb7?
1492
In base 14, what is 5 + -31054b?
-310546
In base 15, what is 5 - -a9278a6?
a9278ab
In base 9, what is 145 - -6380?
6535
In base 6, what is 10315 - 250415?
-240100
In base 5, what is 343234 - -10032?
403321
In base 10, what is 4 + -2318660?
-2318656
In base 15, what is 96 + -3e6c?
-3dc6
In base 8, what is -14053 - 3?
-14056
In base 5, what is 3121 + 203330?
212001
In base 15, what is e - de91?
-de82
In base 4, what is 21212221311 + 2?
21212221313
In base 3, what is 1002200 - 11010011011?
-11002001111
In base 13, what is -a78ba3 + -34?
-a78c07
In base 2, what is -10000000110111110110101110000 - -100?
-10000000110111110110101101100
In base 14, what is 345666 + -2?
345664
In base 6, what is -315423 - -1054?
-314325
In base 15, what is -7d261 - 1a2?
-7d413
In base 15, what is 92ce24 - -4?
92ce28
In base 15, what is ac0c - -51d?
b22a
In base 12, what is -530959 + 2?
-530957
In base 14, what is 108 + -4bbd6?
-4bacc
In base 2, what is 10111110101100010010100 + 110?
10111110101100010011010
In base 15, what is -4 + -1d6e0c?
-1d6e11
In base 5, what is 413221 - 224001?
134220
In base 9, what is -2205717 + 317?
-2205400
In base 15, what is -bb4a + -18?
-bb63
In base 15, what is -1b + 886c?
8851
In base 10, what is 0 - -6816409?
6816409
In base 6, what is -5 - -32433000?
32432551
In base 9, what is -33568 + 1810?
-31658
In base 5, what is 11330410002 + 1?
11330410003
In base 13, what is -782 - 2a3b0?
-2ab62
In base 4, what is 122120 + 3122020?
3310200
In base 14, what is 28 - -c46044?
c4606c
In base 5, what is -1143 + 301404121?
301402423
In base 14, what is 5b7835 + 12?
5b7847
In base 2, what is 101011101110100100011 + 10111?
101011101110100111010
In base 7, what is -23 + -6104305?
-6104331
In base 6, what is 1104554440 - -4?
1104554444
In base 13, what is -bb64a - -368?
-bb2b2
In base 5, what is -1234013014 - 10?
-1234013024
In base 15, what is -2 - 151dac2?
-151dac4
In base 9, what is 5 - 156642210?
-156642204
In base 12, what is 1b75281b - -4?
1b752823
In base 2, what is